{"id":88,"date":"2020-05-03T07:56:40","date_gmt":"2020-05-03T07:56:40","guid":{"rendered":"https:\/\/buergerverein-berendsborn.de\/?page_id=88"},"modified":"2020-06-10T07:45:04","modified_gmt":"2020-06-10T07:45:04","slug":"impressum","status":"publish","type":"page","link":"https:\/\/buergerverein-berendsborn.de\/?page_id=88","title":{"rendered":"Impressum"},"content":{"rendered":"\n<p><strong>B\u00fcrgerverein Berendsborn Aktiv. e.V.<\/strong><\/p>\n\n\n\n<p>Gesch\u00e4ftsstelle:<\/p>\n\n\n\n<p>Nikolausstra\u00dfe 25<br>54329 Konz<br>Tel.: 06501 \u2013 9879615<br><br>Internet: www.buergerverein-berendsborn.de<\/p>\n\n\n\n<p>Vertretungsberechtigter Vorstand: Raimund Esch (1. Vorsitender)<br>Inhaltliche&nbsp;Verantwortung : Raimund Esch, Karl-Peter Jochem<\/p>\n\n\n\n<p><\/p>\n\n\n\n<p>Haftungshinweis:<br>Trotz sorgf\u00e4ltiger inhaltlicher Kontrolle \u00fcbernehmen wir&nbsp; keine Haftung f\u00fcr die Inhalte externer Links. F\u00fcr den Inhalt&nbsp; der verlinkten Seiten sind ausschlie\u00dflich deren Betreiber&nbsp;verantwortlich.<\/p>\n","protected":false},"excerpt":{"rendered":"<p>B\u00fcrgerverein Berendsborn Aktiv. e.V. Gesch\u00e4ftsstelle: Nikolausstra\u00dfe 2554329 KonzTel.: 06501 \u2013 9879615 Internet: www.buergerverein-berendsborn.de Vertretungsberechtigter Vorstand: Raimund Esch (1. Vorsitender)Inhaltliche&nbsp;Verantwortung : Raimund Esch, Karl-Peter Jochem Haftungshinweis:Trotz sorgf\u00e4ltiger inhaltlicher Kontrolle \u00fcbernehmen wir&nbsp; keine Haftung f\u00fcr die Inhalte externer Links. F\u00fcr den Inhalt&nbsp; der verlinkten Seiten sind ausschlie\u00dflich deren Betreiber&nbsp;verantwortlich.<\/p>\n","protected":false},"author":4,"featured_media":0,"parent":0,"menu_order":0,"comment_status":"closed","ping_status":"closed","template":"","meta":{"footnotes":""},"class_list":["post-88","page","type-page","status-publish","hentry"],"_links":{"self":[{"href":"https:\/\/buergerverein-berendsborn.de\/index.php?rest_route=\/wp\/v2\/pages\/88","targetHints":{"allow":["GET"]}}],"collection":[{"href":"https:\/\/buergerverein-berendsborn.de\/index.php?rest_route=\/wp\/v2\/pages"}],"about":[{"href":"https:\/\/buergerverein-berendsborn.de\/index.php?rest_route=\/wp\/v2\/types\/page"}],"author":[{"embeddable":true,"href":"https:\/\/buergerverein-berendsborn.de\/index.php?rest_route=\/wp\/v2\/users\/4"}],"replies":[{"embeddable":true,"href":"https:\/\/buergerverein-berendsborn.de\/index.php?rest_route=%2Fwp%2Fv2%2Fcomments&post=88"}],"version-history":[{"count":3,"href":"https:\/\/buergerverein-berendsborn.de\/index.php?rest_route=\/wp\/v2\/pages\/88\/revisions"}],"predecessor-version":[{"id":473,"href":"https:\/\/buergerverein-berendsborn.de\/index.php?rest_route=\/wp\/v2\/pages\/88\/revisions\/473"}],"wp:attachment":[{"href":"https:\/\/buergerverein-berendsborn.de\/index.php?rest_route=%2Fwp%2Fv2%2Fmedia&parent=88"}],"curies":[{"name":"wp","href":"https:\/\/api.w.org\/{rel}","templated":true}]}}